12
-253
-3710 (base 10) to base 9
-5072
43200 (base 6) to base 8
13420
What is -1b71 (base 13) in base 14?
-1724
34455 (base 6) to base 2
1001101000011
Convert 1061 (base 10) to base 11.
885
-3505 (base 12) to base 5
-142114
What is 2522 (base 6) in base 16?
272
What is -20200 (base 5) in base 7?
-3535
12122131 (base 4) to base 8
63235
189 (base 14) to base 4
10331
Convert -13406 (base 7) to base 2.
-111000110000
Convert 24599 (base 11) to base 15.
a6e9
What is 101011101011 (base 2) in base 8?
5353
What is 1000112 (base 3) in base 16?
2e7
-354 (base 6) to base 10
-142
What is -110 (base 8) in base 15?
-4c
Convert 2714 (base 12) to base 4.
1012000
Convert -1550 (base 8) to base 11.
-723
What is -1136 (base 7) in base 6?
-1535
Convert 2404 (base 6) to base 4.
21010
Convert -147641 (base 8) to base 16.
-cfa1
What is 246 (base 8) in base 2?
10100110
Convert -3225 (base 11) to base 12.
-2572
What is -2223 (base 5) in base 15?
-15d
-1455 (base 15) to base 8
-10403
2441 (base 5) to base 13
227
Convert -45211 (base 7) to base 16.
-2ca1
-1807 (base 10) to base 8
-3417
11746 (base 8) to base 5
130334
What is -146401 (base 7) in base 6?
-340414
What is 3231 (base 11) in base 10?
4269
What is -216206 (base 7) in base 13?
-144b9
Convert -61535 (base 7) to base 15.
-46b5
308 (base 16) to base 14
3d6
2427 (base 9) to base 7
5161
Convert -4643 (base 7) to base 11.
-1303
What is 35120 (base 8) in base 5?
434203
What is 22103 (base 4) in base 11?
54a
Convert 1019 (base 15) to base 3.
11122220
Convert -65636 (base 7) to base 4.
-10000322
Convert 2829 (base 10) to base 6.
21033
2321 (base 6) to base 9
674
What is 28a (base 16) in base 2?
1010001010
What is 62 (base 10) in base 16?
3e
Convert 3412343 (base 5) to base 6.
1143220
Convert 54 (base 12) to base 13.
4c
2aa (base 12) to base 15
1cd
What is -220042 (base 5) in base 3?
-101022121
-100202211 (base 3) to base 10
-7123
What is 13142 (base 5) in base 15?
49c
What is 1412 (base 5) in base 2?
11101000
-2704 (base 14) to base 11
-5180
-10001110110 (base 2) to base 6
-5142
25e7 (base 16) to base 5
302303
10641 (base 9) to base 4
1232230
What is -548 (base 14) in base 11?
-86a
14003 (base 5) to base 2
10001101000
Convert 6a7 (base 16) to base 9.
2302
Convert 30133 (base 4) to base 11.
667
What is -2401 (base 5) in base 9?
-430
Convert -1000111100101010 (base 2) to base 5.
-2133100
Convert -3300 (base 9) to base 10.
-2430
What is b0d (base 15) in base 3?
10102011
Convert b79d (base 16) to base 6.
1001341
Convert -146c (base 13) to base 6.
-21415
What is 6b01 (base 12) in base 14?
44db
2803 (base 13) to base 14
2149
-4633 (base 14) to base 2
-10111110100101
-11000010000 (base 2) to base 10
-1552
What is 33020 (base 4) in base 11?
800
1501 (base 13) to base 2
101111100011
22130 (base 7) to base 14
2050
What is 7593 (base 14) in base 6?
234021
Convert 262d (base 15) to base 10.
8143
What is -1823 (base 9) in base 8?
-2566
Convert -560a (base 11) to base 9.
-11122
1a8a (base 11) to base 4
221033
504 (base 6) to base 3
20211
102231 (base 4) to base 13
711
What is -367 (base 8) in base 3?
-100011
Convert -637 (base 12) to base 11.
-755
Convert 2013 (base 4) to base 15.
90
Convert -1791 (base 10) to base 15.
-7e6
Convert 1181 (base 15) to base 12.
21a1
Convert 4084 (base 10) to base 3.
12121021
-2663 (base 8) to base 5
-21314
Convert 24114 (base 5) to base 2.
11011111000
Convert -2b9 (base 16) to base 14.
-37b
1110100222 (base 3) to base 8
70034
What is -1004531 (base 6) in base 12?
-23747
Convert -7221 (base 10) to base 8.
-16065
Convert -23043 (base 6) to base 4.
-303003
909 (base 12) to base 10
1305
4538 (base 9) to base 4
310130
Convert 101001110001 (base 2) to base 14.
d8d
-683 (base 9) to base 3
-202210
Convert -112311 (base 6) to base 3.
-111012021
Convert 41a (base 13) to base 7.
2016
-110011111100000 (base 2) to base 8
-63740
What is 3371 (base 10) in base 2?
110100101011
Convert -1210021011 (base 3) to base 12.
-18441
What is -487 (base 11) in base 15?
-289
What is -3517 (base 10) in base 5?
-103032
What is 455 (base 9) in base 16?
176
Convert 2332133 (base 5) to base 7.
235522
Convert 31103112 (base 4) to base 7.
314565
Convert 91da (base 14) to base 11.
17934
Convert -4113 (base 5) to base 12.
-385
10130311 (base 4) to base 13
83b3
-211010 (base 5) to base 8
-15535
What is 6959 (base 12) in base 9?
17076
What is 8b27 (base 15) in base 14?
aa80
What is 100201220 (base 3) in base 10?
7098
-1e6 (base 16) to base 5
-3421
What is -b71 (base 12) in base 11?
-1288
Convert -2122011 (base 3) to base 6.
-12521
What is 50143 (base 6) in base 2?
1100110001111
-1000 (base 13) to base 14
-b2d
Convert 101011100 (base 2) to base 14.
1ac
Convert -3073 (base 12) to base 13.
-2526
What is -7b9 (base 12) in base 16?
-47d
1e5 (base 16) to base 9
588
Convert e4d (base 15) to base 12.
1a47
Convert 2539 (base 16) to base 12.
5621
What is -256 (base 15) in base 10?
-531
-300 (base 6) to base 12
-90
What is -631 (base 11) in base 14?
-3c4
What is 1010011101011011 (base 2) in base 15?
ca63
What is -1a63 (base 13) in base 12?
-2368
976 (base 16) to base 15
ab7
-100100000010001 (base 2) to base 5
-1042244
What is 44 (base 16) in base 4?
1010
Convert 7739 (base 13) to base 5.
1012420
What is -50020 (base 6) in base 7?
-24633
What is -133a8 (base 12) in base 16?
-6770
-2022120 (base 3) to base 11
-12a6
492 (base 16) to base 3
1121100
What is -11910 (base 11) in base 7?
-100526
What is -624 (base 16) in base 2?
-11000100100
68a (base 13) to base 12
7a0
What is 1014023 (base 5) in base 11?
1165a
What is -7010 (base 12) in base 15?
-38c3
24279 (base 10) to base 14
8bc3
2102101011 (base 3) to base 2
1011101000101011
What is -12221 (base 5) in base 15?
-426
100010111100 (base 2) to base 16
8bc
Convert 501 (base 16) to base 12.
8a9
What is -100410 (base 6) in base 7?
-32052
What is -14300 (base 6) in base 9?
-3100
-131 (base 14) to base 6
-1035
-12157 (base 10) to base 4
-2331331
597 (base 14) to base 10
1113
What is -7334 (base 8) in base 12?
-2250
What is 9689 (base 12) in base 7?
66111
Convert 1011 (base 10) to base 5.
13021
Convert 9cbb (base 14) to base 11.
1949a
-424434 (base 7) to base 4
-101332113
5248 (base 9) to base 12
228b
What is 602 (base 7) in base 10?
296
4237 (base 13) to base 9
13521
What is 41 (base 14) in base 7?
111
What is 33110 (base 4) in base 15?
455
What is 1032 (base 6) in base 16?
ec
What is 10120222 (base 3) in base 15?
b98
-111121121 (base 3) to base 6
-113541
61345 (base 9) to base 11
28379
24211 (base 5) to base 13
a8c
What is 1111100011111 (base 2) in base 12?
473b
-297 (base 10) to base 8
-451
What is 15db (base 14) in base 2?
111101001101
Convert -36 (base 16) to base 9.
-60
Convert -111224 (base 8) to base 14.
-d964
Convert 447 (base 10) to base 13.
285
-402304 (base 5) to base 11
-9703
a52 (base 13) to base 7
5060
What is -1022100 (base 3) in base 16?
-3ba
1201012112 (base 3) to base 9
51175
-482 (base 15) to base 9
-1355
What is -398 (base 15) in base 4?
-30302
What is 41569 (base 10) in base 2?
1010001001100001
What is -75423 (base 8) in base 13?
-11458
-2607 (base 13) to base 8
-12447
What is -2995 (base 13) in base 4?
-1132111
What is 1475 (base 8) in base 16?
33d
211113 (base 4) to base 14
c2b
-9d8 (base 16) to base 12
-1560
What is -1601 (base 8) in base 3?
-1020020
What is -11103122 (base 4) in base 12?
-106a2
What is -200122 (base 4) in base 3?
-2211211
Convert 1418 (base 12) to base 10.
2324
Convert -625 (base 15) to base 4.
-111221
bad6 (base 15) to base 2
1001101010011000
Convert -525 (base 13) to base 2.
-1101101100
-211504 (base 6) to base 16
-4360
-31342 (base 6) to base 14
-178a
-54988 (base 11) to base 9
-131311
2a3 (base 11) to base 5
2410
-1db (base 14) to base 7
-1064
Convert -4123 (base 9) to base 6.
-21550
What is 55144 (base 7) in base 5?
420201
What is 10332 (base 8) in base 16?
10da
1011011010010000 (base 2) to base 15
dcab
-76 (base 14) to base 5
-404
What is -120012 (base 3) in base 14?
-214
What is b262 (base 14) in base 5?
1440122
What is 58963 (base 10) in base 11?
40333
-841 (base 9) to base 8
-1255
What is c73 (base 15) in base 3?
10212000
120210 (base 5) to base 4
1011032
Convert 8cc (base 14) to base 13.
a46
-14104 (base 6) to base 16
-898
507 (base 16) to base 2
1010000011